f 2106028?
2, 17, 30971
List the prime factors of 1356308.
2, 211, 1607
List the prime factors of 17114.
2, 43, 199
What are the prime factors of 1612612?
2, 41, 9833
List the prime factors of 6868279.
11, 41, 97, 157
What are the prime factors of 1461269?
17, 43, 1999
What are the prime factors of 251651?
17, 113, 131
List the prime factors of 14106.
2, 3, 2351
List the prime factors of 482994.
2, 3, 26833
List the prime factors of 165219.
3, 55073
List the prime factors of 379816.
2, 197, 241
What are the prime factors of 956874?
2, 3, 101, 1579
What are the prime factors of 253937?
253937
List the prime factors of 6270803.
7, 11, 81439
List the prime factors of 744676.
2, 83, 2243
List the prime factors of 765182.
2, 11, 34781
List the prime factors of 317278.
2, 13, 12203
List the prime factors of 792595.
5, 158519
List the prime factors of 622865.
5, 347, 359
What are the prime factors of 67057?
67057
What are the prime factors of 785211?
3, 7, 139, 269
What are the prime factors of 628742?
2, 31, 10141
What are the prime factors of 842333?
17, 49549
List the prime factors of 586551.
3, 7, 17, 31, 53
List the prime factors of 295020.
2, 3, 5, 11, 149
What are the prime factors of 7527755?
5, 47, 103, 311
What are the prime factors of 11484146?
2, 17, 53, 6373
List the prime factors of 1471836.
2, 3, 122653
What are the prime factors of 125701?
337, 373
List the prime factors of 769245.
3, 5, 51283
What are the prime factors of 8868788?
2, 349, 6353
List the prime factors of 16668022.
2, 7, 1190573
List the prime factors of 4998166.
2, 2499083
List the prime factors of 263864.
2, 32983
What are the prime factors of 1308570?
2, 3, 5, 53, 823
List the prime factors of 11731530.
2, 3, 5, 17, 23003
List the prime factors of 3224084.
2, 17, 2789
List the prime factors of 70867.
70867
List the prime factors of 7708995.
3, 5, 7, 24473
What are the prime factors of 181223?
7, 25889
List the prime factors of 9849127.
9849127
List the prime factors of 311617.
67, 4651
What are the prime factors of 103736?
2, 12967
List the prime factors of 810656.
2, 7, 11, 47
List the prime factors of 356498.
2, 178249
List the prime factors of 11797075.
5, 149, 3167
List the prime factors of 20763978.
2, 3, 3460663
List the prime factors of 557360.
2, 5, 6967
List the prime factors of 12954349.
2131, 6079
What are the prime factors of 4553935?
5, 910787
List the prime factors of 668189.
29, 23041
List the prime factors of 3625555.
5, 725111
What are the prime factors of 9277332?
2, 3, 29, 53, 503
List the prime factors of 195406.
2, 41, 2383
List the prime factors of 16336071.
3, 113, 16063
What are the prime factors of 390836?
2, 199, 491
What are the prime factors of 12594261?
3, 47, 179, 499
List the prime factors of 259372.
2, 61, 1063
List the prime factors of 5113493.
7, 11, 53, 179
What are the prime factors of 60327?
3, 6703
What are the prime factors of 190374?
2, 3, 31729
List the prime factors of 191451.
3, 13, 4909
What are the prime factors of 6136780?
2, 5, 13, 23603
What are the prime factors of 151309?
83, 1823
List the prime factors of 1248848.
2, 89, 877
What are the prime factors of 234495?
3, 5, 193
List the prime factors of 3088905.
3, 5, 43, 4789
What are the prime factors of 4046339?
11, 367849
List the prime factors of 17266440.
2, 3, 5, 19, 7573
List the prime factors of 568269.
3, 13, 1619
What are the prime factors of 7681047?
3, 11, 43, 5413
What are the prime factors of 24797791?
24797791
List the prime factors of 40110.
2, 3, 5, 7, 191
List the prime factors of 191343.
3, 63781
List the prime factors of 12508423.
103, 121441
What are the prime factors of 3391527?
3, 827, 1367
List the prime factors of 2410294.
2, 17, 70891
List the prime factors of 4422146.
2, 139, 15907
List the prime factors of 94413.
3, 11, 2861
List the prime factors of 12746255.
5, 23, 61, 79
What are the prime factors of 517183?
517183
What are the prime factors of 2037176?
2, 254647
What are the prime factors of 134859?
3, 44953
What are the prime factors of 116251?
101, 1151
List the prime factors of 101036.
2, 13, 29, 67
What are the prime factors of 878938?
2, 653, 673
What are the prime factors of 8874?
2, 3, 17, 29
List the prime factors of 8134489.
11, 19, 38921
What are the prime factors of 11969894?
2, 5984947
List the prime factors of 10436725.
5, 13, 17, 1889
List the prime factors of 3628092.
2, 3, 13, 1789
List the prime factors of 859560.
2, 3, 5, 13, 19, 29
What are the prime factors of 9048261?
3, 29, 104003
What are the prime factors of 25049707?
29, 863783
What are the prime factors of 192270?
2, 3, 5, 13, 17, 29
List the prime factors of 25342796.
2, 419, 15121
List the prime factors of 1477675.
5, 59107
List the prime factors of 471193.
471193
List the prime factors of 381327.
3, 17, 7477
List the prime factors of 946774.
2, 43, 101, 109
List the prime factors of 1950404.
2, 487601
List the prime factors of 5740477.
5740477
List the prime factors of 18406.
2, 9203
List the prime factors of 11537.
83, 139
List the prime factors of 62074.
2, 41, 757
What are the prime factors of 264863?
173, 1531
List the prime factors of 3053417.
109, 257
What are the prime factors of 17506930?
2, 5, 7, 383, 653
What are the prime factors of 1331330?
2, 5, 7, 11, 13, 19
What are the prime factors of 23375483?
23375483
List the prime factors of 1417185.
3, 5, 7, 11, 409
What are the prime factors of 167745?
3, 5, 53, 211
What are the prime factors of 21475656?
2, 3, 379, 787
What are the prime factors of 566078?
2, 349, 811
What are the prime factors of 473909?
17, 61, 457
List the prime factors of 3694027.
3694027
What are the prime factors of 17378585?
5, 7, 89, 797
What are the prime factors of 289971?
3, 11, 29, 101
List the prime factors of 24099745.
5, 23, 209563
What are the prime factors of 26041042?
2, 17, 765913
List the prime factors of 3000.
2, 3, 5
What are the prime factors of 6745140?
2, 3, 5, 12491
List the prime factors of 26526.
2, 3, 4421
List the prime factors of 282151.
283, 997
What are the prime factors of 11195464?
2, 7, 31, 6449
What are the prime factors of 1832261?
1832261
What are the prime factors of 3702605?
5, 740521
What are the prime factors of 34222?
2, 71, 241
What are the prime factors of 9049833?
3, 13, 19, 23, 59
What are the prime factors of 23097973?
23097973
List the prime factors of 456799.
7, 65257
What are the prime factors of 12320373?
3, 13, 315907
List the prime factors of 249177.
3, 83059
List the prime factors of 7878981.
3, 11, 29, 8233
List the prime factors of 2479352.
2, 41, 7559
List the prime factors of 527721.
3, 53, 3319
List the prime factors of 139584.
2, 3, 727
List the prime factors of 2398625.
5, 31, 619
List the prime factors of 2405574.
2, 3, 107, 1249
What are the prime factors of 170966?
2, 73, 1171
What are the prime factors of 202466?
2, 11, 9203
What are the prime factors of 10928697?
3, 13, 280223
List the prime factors of 144153.
3, 19, 281
List the prime factors of 301421.
383, 787
What are the prime factors of 312529?
7, 44647
What are the prime factors of 122807?
227, 541
List the prime factors of 143377.
13, 41, 269
What are the prime factors of 37056164?
2, 9264041
List the prime factors of 32074901.
32074901
What are the prime factors of 3026419?
11, 275129
List the prime factors of 515502.
2, 3, 13, 2203
List the prime factors of 11876197.
19, 625063
What are the prime factors of 9155224?
2, 13, 47, 1873
List the prime factors of 29563487.
19, 23, 67651
List the prime factors of 37418975.
5, 11, 136069
What are the prime factors of 10501629?
3, 809, 4327
What are the prime factors of 4092393?
3, 17, 29, 2767
List the prime factors of 298632.
2, 3, 23, 541
List the prime factors of 2834728.
2, 13, 97, 281
What are the prime factors of 33635636?
2, 1381, 6089
List the prime factors of 9230938.
2, 4615469
List the prime factors of 39137853.
3, 19, 463, 1483
What are the prime factors of 551620?
2, 5, 27581
List the prime factors of 293582.
2, 181, 811
List the prime factors of 948069.
3, 105341
What are the prime factors of 6818468?
2, 89, 107, 179
What are the prime factors of 201453?
3, 7, 53, 181
List the prime factors of 35051539.
131, 267569
What are the prime factors of 489533